ose 6*d - 182 = -56. What is the greatest common factor of d and 168?
21
Let k(y) = 4*y + 6. Let h be k(6). What is the highest common divisor of h and 75?
15
Let w be 7/1*1 - 2. Let z(o) be the third derivative of -o**4/24 + 4*o**3/3 + 3*o**2. Let p be z(w). Calculate the highest common factor of p and 3.
3
Let z be (64/(-10))/((-4)/130). Calculate the greatest common factor of 26 and z.
26
Suppose 0*x + 5*x = 220. Calculate the highest common divisor of 4 and x.
4
Let w be (-2 + (42 - -4))*1. Calculate the highest common divisor of 22 and w.
22
Suppose 8*r = k + 4*r + 5, 4*k - 4*r = 16. Let u(d) = -8 + 4 + 0*d**2 + d**2. Let v be u(9). What is the greatest common factor of v and k?
7
Suppose 4*s = 30 - 10. Suppose m = -4*f + 18, -s*m + 3*m + 51 = 3*f. Calculate the highest common divisor of 15 and m.
15
Let m be (-2)/6 - (-7)/((-126)/(-24)). What is the highest common factor of m and 9?
1
Suppose -10 = -4*u + 2*p, -2*p = 5*u - 4*p - 12. Let b be u/1*3/2. Suppose -b*c + 34 = -c. What is the greatest common factor of c and 119?
17
Let s(m) = -m**3 - 5*m**2 + 6. Suppose -4*a + 2 = -x + 42, -20 = 4*a + 4*x. Let l = a - -4. Let h be s(l). What is the highest common divisor of h and 48?
6
Let j(c) be the third derivative of -c**5/60 + 5*c**4/12 - c**3/3 - 2*c**2. Let o be j(9). Calculate the highest common divisor of 49 and o.
7
Let p = -32 + 55. Calculate the greatest common divisor of p and 69.
23
Let a(c) = -c**2 - 15*c - 22. Let h be a(-13). What is the highest common divisor of 44 and h?
4
Let z be 4/(-8) + 13/2. Let g(c) = -c**3 + 5*c**2 + 7*c + 4. Let p be g(z). Calculate the greatest common divisor of p and 20.
10
Suppose -3*p + 12 = -9. What is the highest common divisor of p and 7?
7
Let m be (105/6)/(-5)*-2. Suppose -4 + 1 = -3*i. Calculate the greatest common factor of m and i.
1
Let a(t) = t**2 + 7*t - 9. Let o be a(-10). Calculate the highest common divisor of 168 and o.
21
Let g = 7 + -7. Let c be g + (17 - (0 - 3)). Let d = c - -55. What is the greatest common factor of d and 15?
15
Let o = 63 - 23. Suppose 5*v + x - 5*x = 9, 4*v - 3 = -x. Let g be ((-16)/(-5))/(v/5). What is the greatest common factor of o and g?
8
Let f = -168 - -204. Let v = -5 + 9. Calculate the highest common divisor of f and v.
4
Suppose 0*s + 4*s = 260. Calculate the greatest common divisor of 13 and s.
13
Let z = -149 - -179. Calculate the highest common divisor of z and 135.
15
Let b(f) = 2*f**3 - 2*f**2 - 4*f - 5. Let r be b(4). What is the highest common divisor of r and 30?
15
Let s = -106 - -331. Calculate the highest common factor of 15 and s.
15
Let v(d) = -3*d + 3. Suppose l - 4*i = -20, -2*l + 2*i - 30 = l. Let u be v(l). What is the highest common divisor of u and 9?
9
Suppose -5*p + 2*c - 2447 = 0, -5*p - 2*c - 3*c - 2440 = 0. Let o be (p/(-3) - 1)*1. Calculate the highest common factor of o and 18.
18
Let c be 0 - (-35)/3 - (-110)/(-165). What is the greatest common divisor of c and 88?
11
Let h(x) = -x**3 + 3*x**2 + 3*x. Let q be 2/((2/7)/(-1)). Let d = 10 + q. Let l be h(d). What is the greatest common factor of 72 and l?
9
Let v be 152/6 - 44/33. Calculate the greatest common divisor of 12 and v.
12
Let o be 1*(-9)/(-6)*2. Let q(d) = -d**2 + 6*d - 3. Let m be q(6). Let k be ((-2)/o)/(2/m). Calculate the greatest common factor of k and 2.
1
Let l be (-2)/5 + 94/10. Let x be l/(-2)*(-8)/6. Calculate the greatest common factor of x and 48.
6
Suppose -2*s + 0*s - 3*l = -13, 4*l = 3*s - 11. Let p = -47 - -67. What is the greatest common divisor of s and p?
5
Let y be (2 - -75) + 1*-2. Suppose 3*c - 2*h = 2*c + 25, -5*c - 2*h + 65 = 0. Calculate the highest common divisor of y and c.
15
Let t(m) = -20*m**3 - m - 1. Let q be t(-1). What is the highest common factor of 80 and q?
20
Let n = -165 + 256. What is the greatest common divisor of n and 13?
13
Suppose 4*a + x + 3 = 24, 5*a - x - 33 = 0. Suppose v - 5*p = 26, -5*p - 8 = -3*p. What is the highest common factor of v and a?
6
Suppose -f - 4*c = 0, -c + 26 = 3*f - 2*c. Let q be (21/2)/((-6)/(-32)). Calculate the greatest common divisor of q and f.
8
Let l be (20/3)/(1/24). Suppose 2*z + 4*a - 3*a - 31 = 0, 2*a = 2*z - 34. Calculate the greatest common divisor of z and l.
16
Suppose -2*v + 2*h = -4*v + 26, 34 = 2*v - 2*h. What is the greatest common factor of v and 45?
15
Let z(v) = 5*v**2 - 1. Let n be z(1). Suppose -5*p + 4*p + n = 0. Let f = 5 - p. Calculate the greatest common divisor of 1 and f.
1
Suppose -27*p + 152 = -25*p. What is the greatest common divisor of 190 and p?
38
Suppose 6*h - 4*h - 24 = 0. What is the greatest common divisor of 96 and h?
12
Suppose 12*s - 336 = 5*s. What is the greatest common divisor of 24 and s?
24
Suppose 0 = 3*k - 2*l + 99 - 244, -k + 55 = -2*l. Calculate the greatest common divisor of 15 and k.
15
Let z = 81 - 0. Calculate the greatest common divisor of 54 and z.
27
Suppose -3*x = -1 - 5. Suppose f + 39 = x*w, -5*w + 2*f + 99 = -0*f. What is the greatest common divisor of 63 and w?
21
Let f = 83 - 20. Suppose -5*r + 170 = 5*i, 3*i - 167 + f = -5*r. Let q = -14 - -25. Calculate the highest common divisor of q and i.
11
Let t = 76 + -142. Let q be 7/(-56)*-4 - 54/(-4). Let r = q - t. What is the greatest common divisor of r and 10?
10
Let j(d) = d + 2. Let r be j(-2). Let p be 137 - -2*(-1 + r). Suppose q - p = -2*q. What is the highest common divisor of 18 and q?
9
Let t be (-3 - 0)*4/(-3). Calculate the greatest common divisor of 4 and t.
4
Suppose 3*i + 0*r - 215 = 2*r, 2*i + 5*r - 175 = 0. Calculate the greatest common factor of i and 30.
15
Suppose 0 = 6*r - 3*r - 90. Suppose 0 = -3*j - 0*j + r. Calculate the highest common factor of 2 and j.
2
Let k(f) = -2*f**3 - 3*f**2 - 3*f - 4. Let v be k(-2). Let h = -14 - -20. Calculate the highest common divisor of h and v.
6
Let x(n) = -4*n - 59. Let r be x(-18). Calculate the highest common factor of r and 247.
13
Suppose -9 = 4*z - 7*z. Suppose -5*k + 80 = -z*k. What is the greatest common factor of 60 and k?
20
Let g(p) = -p**2 + 14*p + 13. Let m be g(14). What is the highest common factor of m and 104?
13
Let l(q) = q**2 + 5*q + 7. Let w be l(-6). Let g be (6/(-8))/(6/(-16)). Let d be -13*g*(-40)/16. What is the highest common factor of w and d?
13
Let c(w) = w**3 + 9*w**2 - 14*w + 5. Let s be c(-10). Let f be (1/(-2))/(6/(-360)). Calculate the greatest common factor of s and f.
15
Let o = -15 + 28. Suppose 3*m = 130 - o. What is the highest common divisor of 26 and m?
13
Let o(h) = 4*h. Let n be o(1). Suppose 0 = 4*b - 3*b - 4. What is the highest common factor of n and b?
4
Let p be (-16)/(-28) - 6/(-14) - -4. Suppose -2*q = 3*q + 410. Let x = 137 + q. Calculate the greatest common divisor of x and p.
5
Let g be (-3*1)/((-6)/8). Let w(m) = 2*m**2 - m. Let y be w(g). Let n(u) = -41*u + 1. Let i be n(-1). Calculate the greatest common divisor of i and y.
14
Let t(v) = 2*v**2 + v - 1. Let j be t(3). Calculate the highest common factor of j and 8.
4
Suppose 0 = 3*h + z - 199, -5*z - 195 = -4*h + 64. Calculate the greatest common factor of h and 44.
22
Let m be (9 - 1)*(1 - -4). What is the highest common factor of 10 and m?
10
Let i(n) = -n**2 + 15*n + 2. Let o be i(14). Calculate the greatest common divisor of 144 and o.
16
Let x = -7 + 12. Suppose -77 = -x*p + 23. Suppose 2*c - 7*c + 1100 = 0. Calculate the highest common divisor of p and c.
20
Suppose 2*s + 3*t + 16 = -2*s, 2*s + 8 = 2*t. Let a = 1 + s. Let q(y) = 3*y**2 + y - 3. Let u be q(a). What is the greatest common divisor of u and 7?
7
Suppose 4*f + 22 = f + m, 0 = -4*f + 2*m - 28. Let q = -5 - f. Calculate the greatest common factor of 12 and q.
3
Let g = -8 + 10. Suppose 3*i - g = 7. Suppose y - i*y = -18. Calculate the highest common divisor of y and 9.
9
Suppose 2*s = 3*g - 94, g - s = -5*s + 22. Let q = g + -18. What is the highest common factor of 12 and q?
12
Suppose -3 = -d - 0*d. Suppose d*j = -98 + 305. What is the highest common factor of 46 and j?
23
Let v be 2/8*-2*-20. Let t(k) = 6*k - 23. Let a be t(8). Calculate the highest common divisor of v and a.
5
Let k be 1/(-2)*(1 - 1). Suppose k = -4*n - n - 25. Let z = 19 - n. What is the greatest common factor of z and 12?
12
Suppose 19 = 4*n + 3. Let b(c) = -3 + 0 + n - 74*c. Let w 